s + 11*s - 77 = i. Let m(b) = -b**2 + 23*b + 1. What is the units digit of m(s)?
3
Let d = -564 - -4204. What is the tens digit of d?
4
Let v be ((-803)/44)/(((-3)/4)/3). Let b = -21 + 1. Let h = v + b. What is the units digit of h?
3
Let m = 59 + -58. Let g be 0/(-4) - (51 + (1 - m)). Let c = -23 - g. What is the tens digit of c?
2
Let w = 168 - 187. What is the units digit of 722/4 - w/38?
1
Suppose 0 = -2*z - 20 - 2. Let g = 1779 - 1745. Let y = g - z. What is the tens digit of y?
4
Let g(j) = -4*j**3 + 80*j**2 - 31*j + 50. What is the tens digit of g(18)?
8
Let r(w) = -2*w - 8. Let d be r(-13). Let j be 3 + 4/d + 4082/18. Suppose -2*c + 7*c = -4*t + j, 2*t + 5*c - 110 = 0. What is the units digit of t?
0
Suppose 15 + 9 = 6*w. Suppose 10*t - 31 = 5*t - w*r, -t + 23 = 5*r. Suppose 0 = t*l - s - 163, 2*s = -3*l - 2*s + 158. What is the tens digit of l?
5
Suppose 5*y - y = 1628. Let a = y - 266. What is the hundreds digit of a?
1
Let b(r) = -5*r**3 + r**2 + 4*r + 1. Let i be b(-2). Let x = i + -37. Suppose 4*k + 5*l = -6, 4*l + 8 = -x. What is the units digit of k?
1
Suppose -c = -2*c + 5, 2*g - 20289 = 5*c. What is the hundreds digit of g?
1
Let g(c) = c**2 + 8*c + 10. Let p be g(-10). Suppose 31*s - 388 = p*s. Let u = -277 + s. What is the hundreds digit of u?
1
Suppose -5*c = 4*m + 629, -c + 248 + 560 = -5*m. Let t(b) = -3*b**3 + 6*b**2 - 4*b + 4. Let p be t(5). Let w = m - p. What is the tens digit of w?
8
Let j = 42569 - 36918. What is the units digit of j?
1
What is the units digit of 174810/(-20)*(-2)/3?
7
Let j(q) be the second derivative of -3/4*q**4 + 7*q + 25/2*q**2 - 7/6*q**3 - 1/20*q**5 + 0. What is the units digit of j(-10)?
5
Suppose -3*y = c - 44840, 0 = -1038*c + 1041*c + 3*y - 134562. What is the thousands digit of c?
4
Let a(d) = 12*d**2 - 4*d + 182. What is the units digit of a(-14)?
0
Suppose -4*r - 4*b = -5544, 4*r + b = 2*r + 2771. Let p = -854 + r. What is the hundreds digit of p?
5
Let d(b) = -b**3 + 77*b**2 - 257*b - 187. What is the thousands digit of d(73)?
2
Let b(z) = 18265*z**2 + 38*z + 91. What is the units digit of b(-2)?
5
Let v = 206506 - 123304. What is the ten thousands digit of v?
8
Suppose 1 = -t + 3*b, 4*t + 2*b = 5*b + 5. Suppose t*o - 1794 = -4*p, 3*p - p = 5*o + 867. What is the tens digit of p?
4
Let u = -110 - -70. What is the tens digit of (-2)/8 + (-5)/(u/3906)?
8
Let y(x) = x + 15. Suppose -3*n = -2*n + 3. Let a(z) = -2*z - 29. Let w(v) = n*a(v) - 5*y(v). What is the units digit of w(5)?
7
Let o(c) be the first derivative of 85*c**2/2 + 31*c + 3. What is the units digit of o(5)?
6
Let r(u) be the second derivative of 1/12*u**4 - 3/2*u**3 - 15/2*u**2 - 7*u + 0. What is the units digit of r(13)?
7
Suppose 2*k + c - 38 = -3*c, -5*k = -4*c - 67. Let u(r) = 0*r**2 + 24*r - 27 - r - r**2. What is the units digit of u(k)?
3
Suppose 0 = -5*j + 3*n + 18, 3*n - 12 = -4*j - 3. Suppose 4*c + j = 19. Suppose 0*l + 365 = 3*i + l, -i + c*l = -113. What is the units digit of i?
1
Suppose 20*o + 21*o = -574. Let w(c) = 8*c + 0*c**2 + 2*c**2 - c**2 + 17. What is the tens digit of w(o)?
0
What is the units digit of ((4364/(-7))/(-1))/((-440)/(-1540))?
2
Let o(y) be the second derivative of 0 + 8*y - 4/3*y**3 + 55/2*y**2. What is the units digit of o(-8)?
9
Let x = -459 - -815. Let g be -73*3 - (-19)/((-57)/(-9)). Let r = g + x. What is the hundreds digit of r?
1
Suppose 0 = -18*h - 99 - 153. Let r(o) = o**2 + o - 10. What is the units digit of r(h)?
2
Suppose -3*z + x + 124207 = 0, 2*z + 23*x = 21*x + 82802. What is the ten thousands digit of z?
4
Suppose 4*j = -3*v - 19, 2*v + 9 = -j + 2*j. Let k be (j - -1)/(9 - 8). Suppose -3*a - 4*y + 11 + 290 = k, y - 513 = -5*a. What is the tens digit of a?
0
Let f = -3780 + 11906. What is the hundreds digit of f?
1
Suppose 0 = -23*y + 26*y - 594. Let m = 412 - y. What is the tens digit of m?
1
Let u(f) = f**2 + 4*f + 14 - 5 - 8 + 16. Let q(c) = -8*c - 2. Let m be q(1). What is the units digit of u(m)?
7
Let u(q) = -229*q**3 + 4*q**2 + 6*q + 5. Let l be u(-3). Let v = -4325 + l. What is the thousands digit of v?
1
Let p(l) = -46*l**3 + 9*l**2 + 23*l + 2. Let i be p(-2). Suppose 19*q - i = -5*q. What is the units digit of q?
5
Let t(g) = -2*g**2 + 5*g. Let u be t(2). Suppose -4*j + u*k = -26, -4*j = -3*k - 12 - 11. Suppose 10*c - j*c = 14. What is the units digit of c?
7
Let f be ((-150)/60)/((14/(-24))/7). What is the units digit of ((-257)/(-2))/(f/120)?
4
Let w = -758 - -1496. Suppose 2182 = 15*y - 12*y + j, y + 3*j = w. What is the units digit of y?
6
Let j be (-2743)/(-9) + (-28)/(-126). Suppose -11*m + j = p - 15*m, -p + 299 = -2*m. What is the hundreds digit of p?
2
Let r(b) be the second derivative of -43*b**4/6 + b**3/6 + b**2/2 - 6*b. Let n be r(1). What is the units digit of (-10)/(-4)*n/(-35)?
6
Suppose -7*h - 9 = -30. Suppose 5*a + 6*q - 1155 = 5*q, -a - h*q = -245. What is the units digit of a?
0
Suppose 5*i + 336 = 346. Suppose 5*v - 6*v + 201 = 4*f, 0 = 2*f - i*v - 88. What is the units digit of f?
9
Suppose 971080 = 509*a - 421*a. What is the tens digit of a?
3
Suppose -2315 + 651 = -16*n. Suppose -2*d = 4*g - 34, 2*d - 2*g = d + 17. Let q = n + d. What is the hundreds digit of q?
1
Suppose -572 = 3*t + k, -376 = 5*t - 3*t + 2*k. Let l be (3/2)/((-18)/t). Suppose -8*f - 240 = -l*f. What is the units digit of f?
0
Let w(z) be the third derivative of -5*z**4/24 - 37*z**3/3 + 906*z**2. Suppose -2*b = 2*b + 92. What is the units digit of w(b)?
1
What is the thousands digit of (-5418828)/(-63) + 420/(-196)?
6
Suppose 108*u - 374165 = -120*u + 4900387. What is the thousands digit of u?
3
Suppose -p = 9*p + 280. Let w = p - -33. Let x(u) = 4*u + 12. What is the tens digit of x(w)?
3
Suppose 0 = -4*m - 3*n - 6 - 2, 21 = -5*m - n. Let u(a) be the third derivative of -3*a**4/4 - 11*a**3/6 - 137*a**2. What is the units digit of u(m)?
9
Let h(b) = 112*b**2 + 143*b - 1872. What is the units digit of h(17)?
7
Suppose s - 13 = -2*q + 5, 0 = -2*s + 3*q + 22. Suppose -4*w + 12 = 3*p - 2*p, s = -3*w + 5*p. What is the units digit of (124 - (-3)/3)*w/5?
0
Suppose -2*k = 417*r - 415*r - 21304, 4*k = r - 10617. What is the ten thousands digit of r?
1
Let q(a) = -3*a - 8*a**3 + 10*a**3 - 2*a**2 + 10 - 3*a**3 + 0*a**3. Suppose -w + 4*m + 9 = -6, 5*w + 45 = -4*m. What is the hundreds digit of q(w)?
1
What is the thousands digit of (-5 + (0 - -4))/(3/(-62289))?
0
Suppose -4*i - i = -5. Let l be i/(-3) + 368/(-12). What is the units digit of l/(-3) - (-12)/18?
1
Let m(t) be the first derivative of 16*t**2 - 58*t - 31. What is the hundreds digit of m(8)?
1
Suppose 0 = 3*x - 2*x - 188. Let r(m) = 7*m + 54. Let q be r(-7). Suppose -2*f + f + x = -4*h, q*h = -25. What is the hundreds digit of f?
1
Let z = 4809 + -4047. What is the units digit of z?
2
Suppose 0 = q + u - 3*u + 24, 2*q + 55 = -3*u. What is the tens digit of q/39*(0 + -561)?
7
Suppose -567*c + 274*c + 110231 = -282*c. What is the units digit of c?
1
Let c(b) = 9*b**2 + 42*b + 213. What is the hundreds digit of c(-13)?
1
Let s(k) = k**2 - 5*k + 5. Let y be s(5). Suppose 3*b - 4*m = -y*m + 75, 4*b - 90 = 2*m. What is the units digit of b?
4
Suppose -w - 8 = -a - 3, 2*w = a - 1. Suppose -a*n + 1789 = 169. What is the units digit of n?
0
What is the tens digit of (4 - -1)/((-9)/9) - (-10 + -34148)?
5
Let b(u) = 312*u**2 - 103*u - 132. What is the units digit of b(-9)?
7
Let c be 1 - (-7 - -2) - -112. Suppose -9*s + c = -575. What is the units digit of s?
7
What is the thousands digit of (-23604628)/(-963) - ((-31)/9 - -3)?
4
Let y = -1357 - -3235. What is the tens digit of y?
7
Let s(z) = -z**3 + 23*z**2 - 16*z - 81. Suppose -30*j - 5*y - 60 = -32*j, -5*j - y = -96. What is the units digit of s(j)?
9
Suppose -4*q + 59926 = -5*n - 38691, -2*q + 49311 = -5*n. What is the hundreds digit of q?
6
Let q be -125 + 80 + (-1)/(1 + 0). What is the hundreds digit of (-5 - q/6)*558/8?
1
Let w = 220 + -211. Suppose w*z - 714 = 2409. What is the tens digit of z?
4
Suppose -4*x + 7 = -5, 3*h - 5*x - 348 = 0. Let u(p) = h*p - 91 + 88 - 56*p + 100*p. What is the hundreds digit of u(1)?
1
Let d(y) = 4*y**2 + 23*y + 3 - 7*y - 15*y. Let q be d(0). What is the units digit of (-1 - q) + 8 - -5?
9
Let d = 126 + -191. What is the units digit of (-2